*t**3 + 7*t**2/2 - 6*t + 7. What is the units digit of y(-8)?
2
Let m = 4 + -3. Suppose 3*b - m = 8. What is the units digit of 52/6 - (-1)/b?
9
Let k(s) be the first derivative of 3*s**2/2 - 5*s - 2. What is the units digit of k(5)?
0
Suppose -3*r = 2*w - 199, 0*r = 4*w - 3*r - 371. Suppose -2*z + 13 = i, -2*i + 4*z = -7*i + w. What is the units digit of i?
3
What is the hundreds digit of (-9585)/(-54)*(-12)/(-10)?
2
Suppose -1 = 3*q + 2. Let o be (1 - q) + (-1 - -34). Suppose 5*f = -3*x + o, -21 = -f - 2*f - 5*x. What is the units digit of f?
7
Let v(n) be the third derivative of -n**4/12 - n**3/2 + n**2. What is the units digit of v(-6)?
9
Let p(x) = x**2 - 10*x + 1. Let h be p(7). What is the units digit of ((-8)/h)/((-3)/(-45))?
6
Let d be ((-6)/(-10))/(6/(-30)). What is the units digit of (-1 + 0)*d/3?
1
Suppose -5*u - r = 137, 3*u + 58 = -r - 23. Let h be 32/14 - (-8)/u. Let n = 4 - h. What is the units digit of n?
2
Suppose -2*q = -4*p - 26, 2*q = -2*p + 3*p + 41. Let l = q + -9. What is the units digit of l?
4
Let a = -12 - -74. What is the units digit of a?
2
Let r be (26/4)/(-1)*-8. Suppose -2*t + r = 2*t. What is the units digit of t?
3
Let m = -77 + 284. What is the tens digit of m?
0
Let c(x) = -29*x**3 - x**2 - 3*x - 7. What is the tens digit of c(-2)?
2
Let c(m) = -8*m + 1. Let k be (-6 + 9)*(-2)/3. What is the tens digit of c(k)?
1
Suppose -t + l + 14 = 0, -t = 3*l + 4 - 14. Suppose -7 = -5*i + t. Let s = 13 - i. What is the units digit of s?
9
Suppose -5*h = -3*w - 17, -5*w - 15 = -w + h. Let a = 23 + w. Suppose 2*n - a - 11 = 0. What is the units digit of n?
5
Let v(f) = -f**2 - 6*f - 4. Let a be v(-6). What is the units digit of a/(-6)*(1 - -2)?
2
Suppose 0*a - 4*s - 3 = -a, 4*s - 20 = 0. What is the tens digit of a?
2
Suppose 5*n + 15 = q, 4*q - 12 - 12 = 2*n. Suppose -q*b - v + 277 = -4*v, b = -v + 57. Suppose -4*y = -4*z + b, y = 2*z + 3 - 29. What is the tens digit of z?
1
Suppose -2*r + p + 43 - 1 = 0, 0 = -5*p + 10. Suppose r = 2*x - 4*n, -3*x + 69 = -n + 4*n. What is the units digit of x?
9
Let q = 75 + -38. What is the units digit of q?
7
What is the tens digit of ((-50)/4)/(5/(-10))?
2
Suppose 5*r + 2*v + 3*v - 5 = 0, 7 = -5*r + v. Let d(a) be the third derivative of -7*a**4/24 - a**2. What is the units digit of d(r)?
7
Let n(h) = -h + 2. Let i be n(-6). Suppose 5*p - 3*k = p - i, -2*k - 4 = 2*p. Let u = -1 - p. What is the units digit of u?
1
Let x be 0*(-2 - (-3)/2). Suppose p = -0*p + 2*a + 18, x = -5*p - 5*a + 15. What is the units digit of p?
8
Let l = 126 - 108. What is the tens digit of l?
1
Let t(q) = q**2 + 8*q + 7. What is the units digit of t(-10)?
7
Suppose -4*n + 15 = -7*n. Let l = -7 - n. What is the tens digit of ((-196)/21)/(l/3)?
1
Let v be 0 - 1/1*-1. Let q = 2 - 2. Let l = v + q. What is the units digit of l?
1
Suppose -4*k + 0*w - 250 = -2*w, 5*k = -w - 295. Let m = k + 89. What is the units digit of m?
9
Let o = 368 - 261. What is the hundreds digit of o?
1
Let h = -23 - -41. What is the units digit of h?
8
Let o(g) = 6*g - 2. Let f be o(2). Suppose 92 = 4*h - p + f, -3*p = h - 14. What is the units digit of h?
0
Let n(q) = 2*q**2 + 9*q - 20. What is the tens digit of n(-8)?
3
What is the units digit of (9/6)/((-15)/(-190))?
9
Suppose -15 = -4*x - 3*p + 3, 5*p - 20 = -5*x. What is the units digit of (0 + (-3)/x)*-16?
8
Let x(h) = 23*h**2 + 2*h - 2. Let f be (-4)/6*(-3)/2. What is the tens digit of x(f)?
2
Let j(d) = -d + 8. Let k be j(6). Suppose 0 = 6*z - k*z - 68. What is the tens digit of z?
1
Let i(r) = r + 29. Let b be i(0). Suppose 5*l = 104 - b. What is the units digit of l?
5
Suppose 237 + 399 = 12*k. What is the units digit of k?
3
Let h(b) = b**2 - 1. What is the units digit of h(3)?
8
Let m be 0/(3/6*2). Suppose 4*h - 3*h - 2 = m. What is the units digit of 11 - -2*(1 - h)?
9
Suppose -11*s + 3*s = -1136. What is the tens digit of s?
4
Suppose 0*p - 30 = -5*p. Let b = p - 16. Let h = 16 + b. What is the units digit of h?
6
Let w = 33 + -13. Let d = w - 17. What is the units digit of d?
3
Let g(v) = v + 9. Let m be g(-7). Suppose 88 = -0*u + m*u. What is the tens digit of u?
4
Let s = 15 - 5. What is the units digit of s?
0
Let o = 16 - 11. Suppose -o*h + 0*h = -85. What is the tens digit of h?
1
Suppose 5*q - 665 = f, 0 = 5*q + 2*f + 193 - 858. What is the tens digit of q?
3
Let o(q) = -q**3 - 4*q**2 - 2*q - 4. Let l be o(-4). Let m be 4 + l - 0/2. Suppose 4*d - m = -j - 0*d, -4*d = -j. What is the units digit of j?
4
Suppose 53 = 3*w - 250. What is the units digit of w?
1
Suppose -61*r + 63*r = 58. What is the units digit of r?
9
Let r(c) = 3*c + 1. Let n be r(1). Let f(d) = 3*d + 1. What is the units digit of f(n)?
3
Let m(w) = 3*w**3 - 6*w**2 + 5*w - 6. What is the tens digit of m(5)?
4
Let f = 8 + -5. Let x = 16 - 14. What is the units digit of 2 + -3 + x + f?
4
Let k(l) = -l - 1. Let i(n) = -n**2 + 7*n + 8. Let h(o) = -i(o) - 5*k(o). Let q be h(4). Suppose q*w + 0*r = -r + 19, 5*r = -5. What is the units digit of w?
4
Suppose -13 = -3*k + 71. What is the tens digit of k?
2
Let c be 1*(-3 + 8 + -3). Suppose 3*i = 3*o + 39, 0 = -c*i + 3*o + 13 + 11. What is the units digit of i?
5
Suppose -2*l + 39 = 1. Let j = l - -1. What is the tens digit of j?
2
Suppose 4*l - 243 = -75. What is the units digit of (-1)/((-4)/(l*4))?
2
Suppose 0 = 2*q - 2*a - 30, 2*a - 60 = -q - 3*q. What is the units digit of q?
5
Let l = -67 - -132. What is the units digit of l?
5
Let z(k) = -k**3 - k**2 - 5*k - 4. Let d be z(-4). What is the units digit of (d/12)/(3/9)?
6
Let n(i) = i + 7. Let p be n(7). Suppose p = 3*s - s. Let j = 14 - s. What is the units digit of j?
7
Let o = 0 + -4. Let m(t) = -t**3 - 3*t**2 + 4*t + 5. Let c be m(o). Suppose 4*k - c*p - 62 = -25, -k + 3 = 5*p. What is the units digit of k?
8
Let g be ((-1 - 1) + 4)*1. Suppose -3*y - g*y + 40 = 0. What is the units digit of y?
8
Let x(j) = 3*j**2 - 3*j - 4. Let r be x(4). Suppose k = 5*k - r. What is the units digit of k?
8
What is the units digit of 16/24*(-246)/(-4)?
1
Let u = 0 + 3. Suppose -m + 2*m - u*k - 6 = 0, 0 = 4*m - 4*k - 32. What is the units digit of m?
9
Let n = 404 - 146. What is the hundreds digit of n?
2
Let m(n) = 6*n + 38. Let r be m(-6). Suppose -5*w = -3*w + 8. What is the units digit of (r/w)/(1/(-32))?
6
Let l(q) = q**3 + 6*q**2 + 2. Let p be l(-6). Let w be 44 + (3 + -3 - p). Suppose 5*f - v - w + 1 = 0, -v = f - 13. What is the units digit of f?
9
Let j(v) be the second derivative of v**5/20 - 7*v**4/12 + v**3 - 2*v**2 - 2*v. Let c be j(7). Suppose c = 4*d + 2. What is the units digit of d?
9
Let a = 17 - -85. What is the units digit of a?
2
Let u(s) = -s**2 - 3*s + 5. Let l be u(-4). Let r be (1 - l)*(0 - 1). Suppose -g + 2*p + 16 = r, 3*p + p + 8 = -2*g. What is the units digit of g?
6
Let s(l) = -l**3 - 4*l**2 - 4*l + 1. Let x be s(-3). Suppose -r = -u + 38 - 0, 5*u + x*r = 145. What is the units digit of u?
3
Let b = -9 + 17. Let m(i) = -i + 10. Let a be m(b). Suppose -4*t + a*t + 22 = 0. What is the tens digit of t?
1
Let b be (0*1/2)/3. Suppose b = g - 2*g + 38. Let d = g - 23. What is the tens digit of d?
1
Suppose 0 = j + 4*z + 20, -3*z - 101 = 5*j - 18. Let c be (2 + 4)/((-6)/j). Suppose 0 = d + 3*d - c. What is the units digit of d?
4
Let c(m) = -m**2 - 9*m - 8. Suppose 0*r + 2*r + 2*d = -22, -3*r = -2*d + 13. Let w be c(r). Suppose -f + w*f = 10. What is the units digit of f?
2
What is the units digit of (2/6)/((-16)/(-1104))?
3
Let j = -130 - -551. What is the units digit of j?
1
Let t = 355 + -161. What is the units digit of t?
4
What is the units digit of (4 - 11)*-11*1?
7
Let f(c) = -c**3 - 10*c**2 + 11*c + 9. Suppose -5*w - 6 = 49. Let l be f(w). What is the units digit of -6*(48/l)/(-4)?
8
Suppose 2*w - 18 = 4. Let x(i) = -14*i**3 + 9*i**2 + 7*i - 1. Let j(l) = 5*l**3 - 3*l**2 - 2*l. Let a(v) = w*j(v) + 4*x(v). What is the units digit of a(4)?
4
Suppose -5*a - 2 = 3*d, -5*a - 6 = -a - 2*d. What is the tens digit of 20 + 3 + a + 2?
2
What is the units digit of 5 - ((1/1 - 1) + -1)?
6
Let u = 0 - -6. Let i be 9*((-32)/u)/2. Let a = i - -40. What is the units digit of a?
6
Let i = 96 - -222. What is the tens digit of i?
1
Let w = -20 - -43. What is the tens digit of w?
2
Suppose 4 = 4*d, 0 = 3*m 